11.
833
-1d2c490 (base 14) to base 12
-4a97666
Convert -13352 (base 16) to base 3.
-10222220212
What is 2c6c8 (base 15) in base 13?
502b2
705757 (base 11) to base 2
100010101000101001001
What is 5d4b54 (base 14) in base 7?
36133334
Convert 28a7926 (base 11) to base 12.
180695a
What is -120022001 (base 4) in base 15?
-1e4b5
-41bc (base 16) to base 10
-16828
What is -6021a6 (base 15) in base 3?
-22120211210010
Convert 401511150 (base 6) to base 13.
1543890
What is 703752 (base 11) in base 5?
242213004
133a9a (base 13) to base 6
13550320
Convert -1011100100101010111100 (base 2) to base 12.
-10237b8
1113322133 (base 4) to base 11
2265aa
What is 25153230 (base 6) in base 15?
10e6b6
Convert 13281 (base 9) to base 14.
33b9
What is -2392069 (base 11) in base 13?
-b28b01
What is 29429 (base 15) in base 8?
402724
-821902 (base 12) to base 5
-1010111104
What is -1103003123 (base 4) in base 2?
-1010011000011011011
What is 363811 (base 11) in base 2?
10001100100111100100
Convert 275217 (base 8) to base 13.
35159
Convert -a8dbaf (base 16) to base 14.
-1680c91
2220757 (base 8) to base 15
bc50b
Convert 66127 (base 16) to base 14.
ac515
Convert 171183 (base 9) to base 6.
2134033
Convert 15a377 (base 16) to base 15.
1d02a3
1226a4 (base 11) to base 7
1435055
What is -10333423 (base 5) in base 10?
-89863
dd97 (base 16) to base 13
1ca88
-2000244 (base 5) to base 10
-31324
What is -41b278 (base 16) in base 14?
-8010da
What is 26726 (base 10) in base 12?
13572
Convert 452506 (base 14) to base 9.
4371344
What is 836183 (base 11) in base 7?
14252151
Convert 11011010011010100 (base 2) to base 3.
12200101210
What is -12013020 (base 6) in base 9?
-631613
Convert -111001110110101000 (base 2) to base 9.
-401047
Convert 515453325 (base 6) to base 15.
bbbb38
-1930550 (base 10) to base 8
-7272466
What is d116ea (base 15) in base 10?
9927445
-10102110112110 (base 3) to base 4
-12330111012
Convert 2b00206 (base 12) to base 5.
4212200124
3b6dd0 (base 16) to base 12
1379a94
-14706 (base 13) to base 14
-1008a
What is -babcb (base 15) in base 16?
-90d8b
1353253 (base 6) to base 2
10010110110100001
Convert 10000111100 (base 3) to base 14.
17917
Convert 227479 (base 10) to base 8.
674227
What is -442dda (base 15) in base 13?
-89a30a
Convert 9c01b (base 16) to base 4.
2130000123
14d99 (base 15) to base 4
100121322
What is -22076103 (base 8) in base 15?
-63c7d8
242523225 (base 7) to base 4
321302133333
Convert 47b66 (base 15) to base 5.
24304241
11111111000101001101 (base 2) to base 9
1862183
What is dda4b0 (base 16) in base 7?
234315510
10000011100010010 (base 2) to base 3
10102101022
Convert -1202012300 (base 4) to base 3.
-202102012222
-42235252 (base 6) to base 2
-100101101001100010000
Convert 224231 (base 11) to base 5.
42410414
What is -13667 (base 8) in base 6?
-44035
What is -32113331 (base 5) in base 16?
-41e11
14269 (base 13) to base 7
215062
1360530 (base 7) to base 11
11532a
Convert -2101364 (base 8) to base 11.
-351102
Convert -5382872 (base 11) to base 12.
-32036ab
What is -40316 (base 10) in base 2?
-1001110101111100
Convert -1241a55 (base 14) to base 3.
-121111020102210
-2edda (base 15) to base 3
-21200222221
Convert -40011244 (base 6) to base 13.
-303532
-4a21053 (base 11) to base 12
-2b0a715
What is 20221102220 (base 3) in base 14?
37b24
What is -1172578 (base 10) in base 4?
-10132101202
-530661 (base 8) to base 9
-288168
-44155404 (base 6) to base 14
-265a20
Convert -1082542 (base 10) to base 3.
-2000222222011
Convert 100100111100111111011 (base 2) to base 16.
1279fb
What is 2101413224 (base 5) in base 11?
2495266
What is -1857874 (base 12) in base 13?
-10945c9
What is 17381132 (base 9) in base 15?
b77aa5
Convert -101011322130 (base 4) to base 3.
-22102122022200
What is 45199 (base 13) in base 6?
2405044
What is -3039d6 (base 15) in base 7?
-25316526
What is 7a50b (base 13) in base 6?
4435133
Convert -1214333101 (base 5) to base 11.
-16a1869
Convert 5b4885 (base 14) to base 8.
13726205
Convert 12202121022000 (base 3) to base 4.
23223233121
-52730 (base 10) to base 4
-30313322
What is 47759 (base 12) in base 8?
273565
-1004867 (base 12) to base 16
-2dafcf
Convert 19225 (base 12) to base 7.
211502
Convert -11100111010101001 (base 2) to base 16.
-1cea9
What is 1220121122 (base 3) in base 15?
b238
Convert -222210210211 (base 3) to base 9.
-883724
Convert 682648 (base 12) to base 9.
3114502
297539 (base 11) to base 8
1611733
-d13ad (base 14) to base 15
-9e013
What is 10001010001111100010000 (base 2) in base 10?
4529936
-188654 (base 9) to base 4
-130302100
-a551c9 (base 13) to base 2
-1110110000000110101110
Convert 50167 (base 8) to base 15.
6184
Convert 1cb355 (base 13) to base 9.
1345354
-525c (base 16) to base 6
-241340
What is 1335023 (base 7) in base 11?
110a94
-3123012312 (base 4) to base 7
-10425336
What is -5116422 (base 7) in base 16?
-94dbb
What is 1010000010101011100 (base 2) in base 12?
13a510
-20330313 (base 4) to base 13
-138c3
Convert 2020437 (base 9) to base 10.
1076362
What is -1280658 (base 10) in base 5?
-311440113
Convert a876 (base 14) to base 10.
29112
-466b8 (base 14) to base 3
-22201012121
What is -20222202022212 (base 3) in base 12?
-12b201b
What is 2013103210 (base 4) in base 16?
874e4
What is -2006110 (base 7) in base 15?
-4a527
-2120313 (base 4) to base 6
-113143
Convert -300124022 (base 5) to base 8.
-4372272
26984 (base 14) to base 10
95176
What is -221232 (base 4) in base 13?
-12a5
Convert 101235350 (base 6) to base 11.
a93549
Convert -130032004 (base 5) to base 14.
-12478d
What is -1faa5c (base 16) in base 12?
-840b38
1174 (base 14) to base 6
22030
Convert -102302103030 (base 4) to base 11.
-2863a38
What is 654604 (base 16) in base 15?
8b180a
Convert 5c6840 (base 13) to base 4.
20130132113
What is 10100010110111110111 (base 2) in base 13?
1a4866
Convert -273976 (base 11) to base 15.
-87504
-15488 (base 15) to base 13
-25265
Convert -10011021000 (base 3) to base 7.
-346131
5720075 (base 8) to base 9
2818837
Convert -1343033341 (base 5) to base 14.
-66a957
What is -202221202122 (base 3) in base 9?
-687678
What is 169403 (base 10) in base 16?
295bb
What is 23342003 (base 5) in base 7?
1554363
1041410344 (base 5) to base 7
25334300
-136c07 (base 13) to base 5
-110102233
Convert -120021010012 (base 3) to base 4.
-1021112102
-764700 (base 8) to base 7
-2115443
What is -111582 (base 11) in base 2?
-101011011000110110
What is 2130172 (base 8) in base 10?
569466
6eed83 (base 15) to base 10
5315298
Convert -16541 (base 7) to base 13.
-2201
-aa74 (base 11) to base 12
-8549
-25424201 (base 6) to base 5
-202442120
-79315 (base 14) to base 3
-112221120212
-413021 (base 6) to base 10
-33061
What is 27f94 (base 16) in base 9?
268534
-79a48 (base 14) to base 13
-a473c
What is -29a2ca (base 13) in base 7?
-11454624
What is -111001000110100010 (base 2) in base 7?
-1662616
Convert -4322444 (base 5) to base 6.
-1324135
Convert 3cb510 (base 13) to base 9.
2707372
What is b44ab (base 16) in base 3?
1101111222221
What is -180a02 (base 13) in base 5?
-123221343
Convert 25300303 (base 7) to base 4.
20232011032
What is 1122120200210 (base 3) in base 11?
54a302
What is 4934a9 (base 12) in base 16?
122001
What is -b8a6a4 (base 12) in base 16?
-2c935c
What is -101100111000000111 (base 2) in base 9?
-310128
Convert -1010541 (base 9) to base 4.
-2003131030
What is -1131230012 (base 4) in base 12?
-1660b2
Convert 15c0a8c (base 13) to base 9.
14201310
What is -1001000110001001010011 (base 2) in base 14?
-460d91
Convert -237480 (base 10) to base 11.
-152471
172c15b (base 13) to base 10
7509591
What is 339880 (base 11) in base 14?
100b95
Convert -3517b (base 12) to base 6.
-1305035
-1030033203 (base 4) to base 8
-1141743
399003 (base 13) to base 4
11103201300
60ac6 (base 16) to base 6
12253114
Convert -2046445 (base 7) to base 11.
-159798
What is 1556675 (base 11) in base 12?
a827bb
Convert -11b651 (base 13) to base 4.
-1213302031
Convert -251829 (base 13) to base 16.
-d908f
What is 26611610 (base 8) in base 14?
b152d2
What is -c42 (base 15) in base 2?
-101011001010
What is 101021121200 (base 3) in base 7?
1502016
What is 1410001400 (base 5) in base 11?
2035230
3672230 (base 8) to base 3
1220110102101
1200002200020 (base 3) to base 16
d8b85
What is 100101001000110110011 